ppose 0 = -6*p - 2 + 14. Calculate the greatest common divisor of 4 and p.
2
Let w(y) = y**2 + 8*y + 4. Let s be w(-10). What is the highest common divisor of s and 3?
3
Let y(t) = t**3 + 4*t**2 + t + 4. Let s be y(-3). Suppose -4*b + 6 = -b. Let i be 3/6*(b + s). What is the greatest common factor of 6 and i?
6
Suppose 3*w - 26 = -11. Let f be w*(-4 + 88/20). Calculate the highest common factor of f and 6.
2
Suppose -y = 33 - 42. What is the greatest common factor of 216 and y?
9
Let h = 44 - 21. Calculate the highest common factor of 69 and h.
23
Let s(p) = 40*p + 26. Let n be s(0). Let k be (65/(-2))/(2/(-4)). Calculate the highest common factor of n and k.
13
Let h(m) = 7 - 3*m**3 + 6*m**2 + 4*m + 2*m**3 + 4*m. Let n be h(7). Let c = -6 + n. What is the highest common factor of 1 and c?
1
Suppose -2*h + 5*h - 48 = 0. What is the greatest common divisor of 32 and h?
16
Let l be (-69)/(-3) - 2/(-2). Let a(h) = h**2 + 6*h + 8. Let s be a(-6). Calculate the greatest common factor of l and s.
8
Let u(r) = r + 45. Let j be u(0). Let g be (-1 - 0)/((-5)/90). What is the highest common factor of g and j?
9
Let m be -5*1*(2 + -3). Suppose -m*o = -2*x - 7, -3*o - 2*x = x. Calculate the highest common divisor of 7 and o.
1
Suppose -t + 3 = 1. Suppose 0 = o + 4*k + 35, -t*o + 6*o = -k - 65. Let m = 25 + o. What is the greatest common factor of m and 70?
10
Let m = 138 - 86. Suppose -2*f + 32 = -2*c - 18, 4*f = 5*c + 99. Calculate the highest common factor of m and f.
26
Let x = 4 + -2. Let b = 8 - -27. Suppose k + 30 = 5*k - 2*v, -x*k = 3*v - b. What is the highest common factor of 10 and k?
10
Let h be 3/(-2 - 10/(-2)). Calculate the greatest common factor of 1 and h.
1
Let q be (140/15)/(-7)*18/(-1). Let u = 117 - 57. Calculate the greatest common factor of u and q.
12
Let i = 11 - -19. What is the highest common divisor of 20 and i?
10
Suppose 4*d - 39 = 5*s, 0 = -4*d - s + 2*s + 59. Let c be (32/28 + -2)/((-3)/84). Calculate the greatest common factor of c and d.
8
Let x be 8*((-2)/(-4) + 0). Suppose -x*l = 2*o - 218, l - 1 - 4 = 0. Calculate the highest common divisor of o and 11.
11
Let d(c) = -c**2 - 4*c. Let q be d(-4). Let l be 2 - 1 - (q + 4). Let s be (-3243)/(-21) + l/7. What is the greatest common divisor of 22 and s?
22
Suppose 4*q = 5*s + 118, 5*q = -0*s - 2*s + 131. What is the highest common factor of q and 3?
3
Let x(m) = 5*m**2 + 2*m - 16. Let d be x(4). Calculate the highest common divisor of d and 24.
24
Let h(l) = l**3 + 7*l**2 + 2*l - 1. Let v = 14 + -20. Let o be h(v). Suppose x - o = 42. What is the greatest common factor of x and 26?
13
Suppose -2*t + 12 = 2*t. Suppose t*w - 25 = 14. Let f = -3 + 94. What is the highest common factor of w and f?
13
Let i(y) = -y**3 + 9. Let n be i(0). Suppose -5*l + 6 = -n. Suppose 0 = 2*q + s - 38, s + l*s + 108 = 5*q. What is the highest common factor of q and 4?
4
Suppose 4 = a, 7 = 2*m + 3*a - 7. Let c be m/(-4) + 13/4. Let w be (18/(-15))/((-2)/35). What is the greatest common factor of c and w?
3
Let b(n) = 3*n + 1. Let p = 1 - 0. Let a be b(p). Let f be 12 + a/(6/3). Calculate the highest common divisor of 2 and f.
2
Let f be (9/6 + -1)*10. Suppose 5*c - 29 = -l, -2*c + c = -f*l - 11. Suppose h = 3*o - 90, 4*h - c*h = 0. Calculate the greatest common factor of 10 and o.
10
Let i be (-12)/9 - 10/(-3). Calculate the greatest common factor of 14 and i.
2
Let w = 13 - 3. Let u = 4 + 16. Calculate the greatest common factor of w and u.
10
Let q = -2 + 3. Let k(t) = -t + 1. Let o be k(-6). Calculate the greatest common divisor of q and o.
1
Let i(l) = l**2 + 6*l - 1. Let x be i(-6). Let r be 2 - -27 - (x - -2). What is the highest common factor of 70 and r?
14
Let w be (-260)/(-4) + 0 + 1. Let i be w/4*16/12. Let y(x) = x**3 + 6*x**2 + 2*x - 4. Let l be y(-5). Calculate the highest common factor of i and l.
11
Let v(q) = -6*q**3 - 11*q**2 + 13*q - 5. Let z(n) = n**3. Let s(c) = -v(c) - 5*z(c). Let k be s(-12). Calculate the greatest common factor of k and 17.
17
Let l(d) = 23*d**3 - d. Let k be l(1). Suppose 10 = q + 4*q. Calculate the highest common factor of k and q.
2
Suppose -r + 101 = -99. Suppose -d - 3*d = r. Let i = d - -71. What is the highest common divisor of i and 14?
7
Let m(n) = -2*n + 12. Let k be m(-6). Let u(s) = -s**2 + 7*s - 6. Let f be u(4). Suppose f*c = c + 300. What is the greatest common divisor of c and k?
12
Let x = -34 - -40. Calculate the greatest common divisor of 10 and x.
2
Let l be (-9)/(-1) + 3/3. Let f(k) = -9*k + 9. Let m be f(-9). What is the highest common factor of l and m?
10
Suppose i + 1 = 0, 0*w + 4*w - 61 = i. Let z be (w/6)/(3/108). What is the highest common divisor of z and 10?
10
Let n be (-1 - -10)/(4/4)*25. What is the highest common divisor of n and 25?
25
Let w(v) = 14*v**2 + 2*v - 1. Let j = -12 + 18. Let q = j + -5. Let c be w(q). What is the highest common divisor of 3 and c?
3
Suppose -2*z - 3 = -11. Suppose z*q - 120 = q. Let f(x) = 4*x**2 + x + 2. Let i be f(-2). Calculate the highest common divisor of q and i.
8
Let j = 42 + -23. Suppose -2*b - 5*b = -1330. Calculate the highest common factor of b and j.
19
Suppose -48 = -2*b + b. Calculate the greatest common divisor of b and 6.
6
Let u = 146 - 140. Calculate the highest common factor of u and 14.
2
Let l = -75 - -118. Let b = l + -25. What is the highest common factor of 2 and b?
2
Let m = 5 - -9. Let h = m - -10. Suppose -h = -x - 2*x. What is the highest common divisor of 64 and x?
8
Let u = 42 - -59. Let g be u + 0 + -6 + 4. What is the greatest common factor of g and 11?
11
Let t be 14/105 + 1376/30. Calculate the highest common factor of t and 23.
23
Suppose s - 72 = -7*s. Calculate the highest common divisor of 18 and s.
9
Suppose -48 = -3*h - h. Let p(k) = -19*k + 1. Let b be p(-1). Let y = b - -76. Calculate the highest common divisor of y and h.
12
Let k be 3*(-78)/2*-1. Calculate the highest common divisor of k and 13.
13
Let m(d) = d + 84. Let r be m(0). Calculate the greatest common divisor of r and 56.
28
Suppose -5*w + 8 = -17, 4*d - 3*w - 1 = 0. Suppose -d*c - 20 = c, 3*c = -4*i + 40. Calculate the highest common factor of i and 104.
13
Let s = -1 - -3. Suppose a - 2 = -3*l, l + 4*a - 2 = -16. Suppose l*i = -s*i + 96. Calculate the greatest common divisor of 36 and i.
12
Let n(t) = t + 19. Let b be n(13). What is the highest common divisor of b and 80?
16
Suppose -4*g = -g + 5*x - 92, -5*g + 149 = 4*x. Suppose -5*m = -9*m + 812. What is the highest common divisor of g and m?
29
Suppose -2*v + 0*v = -4*q + 32, 3*q - 22 = 2*v. What is the highest common factor of 110 and q?
10
Let o = -3 + 11. Suppose f = 2*y - 575 + 238, -y + 167 = f. Let z be ((-12)/14)/((-2)/y). Calculate the greatest common divisor of o and z.
8
Suppose -2*n + 15 = 3*w, 4*w - 3 - 17 = -3*n. Let p(o) = 3*o + 7 - 3*o + o**2 - 2*o. Let q be p(w). What is the greatest common factor of q and 242?
22
Let u = 2 + 6. What is the greatest common divisor of 40 and u?
8
Let v = 383 + -363. Suppose 4*t = 24 + 8. Calculate the highest common divisor of t and v.
4
Let o(n) = n**3 + 9*n**2 + 5*n - 9. Let q = -27 + 19. Let a be o(q). What is the greatest common divisor of 45 and a?
15
Let p(t) = t**2 + 2*t + 1. Let n be p(-1). Suppose n*o = -4*o + 20. What is the highest common factor of o and 40?
5
Let t(k) = -k**2 - 5*k + 8. Let f be t(-6). Suppose 0 = -f*g - g + 72. Calculate the highest common factor of 36 and g.
12
Let j(u) = u**2 + 10*u + 1. Let t(r) = r**2 + 8*r - 2. Let w be t(-7). Let c be j(w). Let b be c/5*15/(-2). Calculate the highest common divisor of 3 and b.
3
Suppose 1 = -2*g + 3. Let f be 106 + 1 + -3 + g. What is the greatest common divisor of f and 15?
15
Let g(x) = x**2 - 11*x. Let f be g(12). What is the greatest common factor of f and 42?
6
Let a = -4 + 18. Suppose -2*o - o - 6 = -3*t, -5*o = t - a. Suppose -4*p = -o - 10. Calculate the greatest common divisor of 1 and p.
1
Let b(p) = -p**3 + p**2 + p + 168. Let l be b(0). What is the greatest common factor of 21 and l?
21
Let r = 35 + -23. What is the greatest common divisor of 240 and r?
12
Let v = 21 - 5. What is the greatest common divisor of v and 80?
16
Suppose 3*h - 2*m = 34, -3*h - 5*m + 40 = 2*h. What is the highest common facto